53
In base 9, what is 117433518 - -14?
117433533
In base 3, what is -12201012220011212 + -1?
-12201012220011220
In base 3, what is -10 + 10220221010102?
10220221010022
In base 10, what is -4527 - -100606?
96079
In base 11, what is -2 + 1a4a38a?
1a4a388
In base 16, what is 36f52 + -3a4?
36bae
In base 11, what is 1315 - -14a4?
2809
In base 7, what is 4260545 - -423?
4261301
In base 10, what is 14800578 + -14?
14800564
In base 8, what is -17217 + 727?
-16270
In base 4, what is -302201331122 + -10?
-302201331132
In base 2, what is 101 + 101010100010111100101100100?
101010100010111100101101001
In base 13, what is 5637aa5 + -9?
5637a99
In base 13, what is -2cc3b250 - 2?
-2cc3b252
In base 14, what is 6ba1a84 - -10?
6ba1a94
In base 10, what is 81069 - -440?
81509
In base 4, what is 130 + -2110302031?
-2110301301
In base 6, what is 131414342 + 242?
131415024
In base 7, what is 134512410 - 0?
134512410
In base 12, what is -266a19 - 18?
-266a35
In base 10, what is -5396 - -102?
-5294
In base 16, what is 7 - cc83f66?
-cc83f5f
In base 10, what is 171 - -941716?
941887
In base 14, what is -d7176 - -87b?
-d66d9
In base 13, what is -49c46 - 775?
-4a6bb
In base 7, what is -4 + 150005?
150001
In base 2, what is -10000100111010 - -110000001011010?
11111100100000
In base 13, what is 1b - b824?
-b806
In base 9, what is 10345 - -82?
10437
In base 12, what is 120a993 + 25?
120a9b8
In base 7, what is -5643 + 224250?
215304
In base 3, what is -200022110201221012 - -10?
-200022110201221002
In base 16, what is 2681b5 + 4?
2681b9
In base 2, what is 11111010 + -1010101010011000?
-1010100110011110
In base 14, what is 7819 + -385?
7474
In base 7, what is 4 - -345531510?
345531514
In base 10, what is 242113 + 2?
242115
In base 8, what is -23701516 - 167?
-23701705
In base 14, what is 2 - 94141da?
-94141d8
In base 8, what is 2667 + -14456?
-11567
In base 9, what is -6006 - -17746?
11740
In base 5, what is 24413100142 + -3?
24413100134
In base 13, what is -12465 + 1ca8?
-1048a
In base 6, what is -2 + -4233234022?
-4233234024
In base 13, what is -3 + 129a5ca4?
129a5ca1
In base 7, what is 3413 - 62005?
-55262
In base 13, what is -6 + -108145?
-10814b
In base 2, what is 10110011011010 - 100101101?
10101110101101
In base 3, what is -120120 + 11010022200?
11002202010
In base 6, what is -34 - 143542545?
-143543023
In base 8, what is 2 + 1137303573?
1137303575
In base 4, what is -120110 - -100313?
-13131
In base 4, what is 1013 + 21101021?
21102100
In base 11, what is 67981 - -2a?
67a00
In base 12, what is 1 + 1252a49?
1252a4a
In base 2, what is 1110111101001 - 1001111?
1110110011010
In base 3, what is 22220221 - 22211?
22121010
In base 3, what is 201221221 + 221222?
202220220
In base 8, what is -3400513 + -5?
-3400520
In base 4, what is 120132 - -12301202?
13022000
In base 7, what is -3 - 155431436?
-155431442
In base 9, what is 616 + 80065?
80682
In base 12, what is -310a155 - -4?
-310a151
In base 11, what is -399 - -3863?
3475
In base 3, what is -111021 - 1202120120102?
-1202121001200
In base 7, what is 23023 - -4262?
30315
In base 5, what is -3 - -124213314312?
124213314304
In base 3, what is 112010122020012 + 12?
112010122020101
In base 11, what is 86034 + 8a7?
86930
In base 3, what is -1110110021112 + -10002?
-1110110101121
In base 12, what is -347 - 5867?
-5bb2
In base 2, what is 11100101000010 + 101110010?
11101010110100
In base 14, what is -39b1 + -97d?
-4550
In base 7, what is 2 - -105226314?
105226316
In base 16, what is 148b82 + 5f?
148be1
In base 13, what is -3b769 - 219?
-3b985
In base 5, what is -13431 + -324020?
-343001
In base 3, what is 120110121 - -1101?
120111222
In base 6, what is -214515422 - -4?
-214515414
In base 7, what is 23 + -15232556?
-15232533
In base 7, what is 1 + -552341353?
-552341352
In base 10, what is 93664186 - -3?
93664189
In base 6, what is -10431322040 - -14?
-10431322022
In base 2, what is 1011100000011110000111000 + 11?
1011100000011110000111011
In base 7, what is -20661 - 110204?
-131165
In base 10, what is 111143 + -29?
111114
In base 10, what is -10 - -100100?
100090
In base 8, what is -64 - -636421?
636335
In base 5, what is 42302 + 1430232?
2023034
In base 11, what is -a663 + -417?
-aa7a
In base 4, what is 2 - 30012022111?
-30012022103
In base 10, what is 7666218 + 1?
7666219
In base 15, what is 311cd90 + 31?
311cdc1
In base 3, what is -222100020201 - -12?
-222100020112
In base 10, what is 11934 + 89354?
101288
In base 6, what is 2051511334 + 2?
2051511340
In base 5, what is -412212 - 1404044?
-2321311
In base 13, what is 2b - 34716c?
-347141
In base 5, what is 20200 + 21303401?
21324101
In base 8, what is -25265 - 460?
-25745
In base 13, what is -220752 + -a?
-22075c
In base 11, what is 0 - 20401535?
-20401535
In base 11, what is 9645 + 33a6?
11a40
In base 11, what is -43 - -364746?
364703
In base 5, what is -104 - -3043422210?
3043422101
In base 6, what is 31 - 24023333?
-24023302
In base 16, what is 5502 + 229?
572b
In base 2, what is 11 - -11001001001001000011?
11001001001001000110
In base 16, what is 47 + 426ad?
426f4
In base 11, what is 23a4613 - -6?
23a4619
In base 10, what is 437 - -2073?
2510
In base 12, what is 76 - 122439?
-122383
In base 7, what is -312631200 + 21?
-312631146
In base 9, what is 354 - 1562616?
-1562252
In base 9, what is 1566716 - -14?
1566731
In base 9, what is 688 + 2537?
3336
In base 12, what is -3258 - -1706?
-1752
In base 13, what is -2bb94508 + -9?
-2bb94514
In base 6, what is -320 - -5311120?
5310400
In base 5, what is -13120114 - -12224?
-13102340
In base 14, what is -bcb - c9c?
-1a89
In base 11, what is 10 - 37791a69?
-37791a59
In base 4, what is 1 + -21222322330233?
-21222322330232
In base 15, what is -23b3abd9 + 3?
-23b3abd6
In base 5, what is 11 - 320441332?
-320441321
In base 12, what is -1 + -29054?
-29055
In base 9, what is -63851 - 221?
-64172
In base 14, what is -6 - -1b6dd0?
1b6dc8
In base 6, what is -255254 - 22513?
-322211
In base 3, what is 20201221210212122 + 2?
20201221210212201
In base 11, what is -2029809 + -12?
-2029820
In base 10, what is -122776 + -669?
-123445
In base 10, what is -5 - 131851829?
-131851834
In base 14, what is 78b0 - -312?
7bc2
In base 3, what is 112020222 - 122201111?
-10110112
In base 6, what is 3042 + 511024?
514110
In base 10, what is -2 - -21452131?
21452129
In base 13, what is 199 - 125515?
-125349
In base 15, what is 23b - 1ce09?
-1cbbd
In base 15, what is -1 - a7bb38?
-a7bb39
In base 12, what is 5b38550 - 0?
5b38550
In base 12, what is 2 + -414630?
-41462a
In base 10, what is -35386 - -912?
-34474
In base 11, what is 1773917 - -2?
1773919
In base 11, what is -193066 - 35?
-1930a0
In base 5, what is 241 - -22010034?
22010330
In base 11, what is 2128 + 772a?
9857
In base 13, what is -1578744 - -a?
-1578737
In base 14, what is -126449a + -2?
-126449c
In base 16, what is -b7ee9 - c?
-b7ef5
In base 4, what is -20331 + -221220?
-302211
In base 11, what is -1 - -12263660?
1226365a
In base 11, what is 241679 + 60?
241729
In base 8, what is -1463 - 52753?
-54436
In base 11, what is -6 - 466935?
-466940
In base 6, what is -10330 + 144522?
134152
In base 11, what is -4a5740 - -100?
-4a5640
In base 8, what is 657 - 551603?
-550724
In base 6, what is -333051 + -54543?
-432034
In base 14, what is b3c - -1605?
2343
In base 3, what is -11 - -100220101201120?
100220101201102
In base 13, what is 40932 + -1a4?
4075b
In base 2, what is -10111 - -110000111011011001000?
110000111011010110001
In base 13, what is -3cc373b + 7?
-3cc3734
In base 14, what is -386b87 + 13?
-386b74
In base 3, what is 100112220222202011 + -100?
100112220222201211
In base 11, what is -31476 - 4692?
-36058
In base 13, what is 235a + 10cc?
3459
In base 13, what is 2 - 4675b02?
-4675b00
In base 2, what is -11110 - 100100111110111110?
-100100111111011100
In base 15, what is 4 - -1103b?
11040
In base 10, what is 3028 - -5279?
8307
In base 7, what is -2523 - -160624?
155101
In base 9, what is 85318 - -1104?
86423
In base 11, what is 13 + -6105660a?
-610565a7
In base 12, what is -792 + -1705b?
-17831
In base 5, what is 241043020 - 23?
241042442
In base 9, what is 101606 + -358?
101237
In base 15, what is -3 + 12e427?
12e424
In base 6, what is 3433101 + 3230?
3440331
In base 5, what is 2412142 - 30030?
2332